{"id":610,"date":"2017-08-16T12:31:55","date_gmt":"2017-08-16T12:31:55","guid":{"rendered":"http:\/\/www.machalicka.eu\/?page_id=610"},"modified":"2025-11-12T17:20:41","modified_gmt":"2025-11-12T17:20:41","slug":"kraniosakralni-osteopatie","status":"publish","type":"page","link":"https:\/\/www.machalicka.eu\/?page_id=610","title":{"rendered":"KRANIOSAKR\u00c1LN\u00cd OSTEOPATIE A BIODYNAMIKA"},"content":{"rendered":"<p>[et_pb_section fb_built=&#8220;1&#8243; admin_label=&#8220;section&#8220; module_id=&#8220;radek2&#8243; module_class=&#8220;gen-section-height&#8220; _builder_version=&#8220;4.15&#8243; background_image=&#8220;https:\/\/www.machalicka.eu\/wp-content\/uploads\/2017\/04\/DSC03341.jpg&#8220; transparent_background=&#8220;off&#8220; make_fullwidth=&#8220;off&#8220; use_custom_width=&#8220;off&#8220; width_unit=&#8220;on&#8220; global_colors_info=&#8220;{}&#8220;][et_pb_row admin_label=&#8220;\u0158\u00e1dek&#8220; module_class=&#8220;nadpis_sekce&#8220; _builder_version=&#8220;4.15&#8243; background_size=&#8220;initial&#8220; background_position=&#8220;top_left&#8220; background_repeat=&#8220;repeat&#8220; max_width=&#8220;80%&#8220; make_fullwidth=&#8220;off&#8220; use_custom_width=&#8220;on&#8220; width_unit=&#8220;off&#8220; custom_width_px=&#8220;80%&#8220; global_colors_info=&#8220;{}&#8220;][et_pb_column type=&#8220;4_4&#8243; _builder_version=&#8220;4.15&#8243; custom_padding=&#8220;|||&#8220; global_colors_info=&#8220;{}&#8220; custom_padding__hover=&#8220;|||&#8220;][et_pb_text admin_label=&#8220;Text&#8220; _builder_version=&#8220;4.15.1&#8243; background_size=&#8220;initial&#8220; background_position=&#8220;top_left&#8220; background_repeat=&#8220;repeat&#8220; text_orientation=&#8220;center&#8220; background_layout=&#8220;dark&#8220; module_alignment=&#8220;center&#8220; use_border_color=&#8220;off&#8220; border_color=&#8220;#ffffff&#8220; border_style=&#8220;solid&#8220; global_colors_info=&#8220;{}&#8220;]<\/p>\n<h2 style=\"text-align: center;\">KRANIOSAKR\u00c1LN\u00cd OSTEOPATIE<br \/>A BIODYNAMIKA<\/h2>\n<p>[\/et_pb_text][et_pb_text admin_label=&#8220;Text&#8220; _builder_version=&#8220;4.15.1&#8243; background_color=&#8220;rgba(0,0,0,0.53)&#8220; background_size=&#8220;initial&#8220; background_position=&#8220;top_left&#8220; background_repeat=&#8220;repeat&#8220; background_layout=&#8220;dark&#8220; custom_padding=&#8220;50px|50px|50px|50px&#8220; hover_enabled=&#8220;0&#8243; z_index_tablet=&#8220;500&#8243; use_border_color=&#8220;off&#8220; global_colors_info=&#8220;{}&#8220; sticky_enabled=&#8220;0&#8243;]<\/p>\n<p><strong>Kraniosakr\u00e1ln\u00ed osteo-biodynamika<\/strong> je velmi<strong> jemn\u00e1 neinvazivn\u00ed technika<\/strong>, kter\u00e1 slou\u017e\u00ed k nach\u00e1zen\u00ed probl\u00e9m\u016f a jejich \u0159e\u0161en\u00ed, tj. <strong>nezab\u00fdv\u00e1 se pouze vn\u011bj\u0161\u00edmi p\u0159\u00edznaky obt\u00ed\u017e\u00ed, ale pracuje s jejich p\u0159\u00ed\u010dinou.<\/strong><\/p>\n<p>Principem <strong>osteopatick\u00e9 metody<\/strong> je vy\u0161et\u0159en\u00ed mobility nebo-li <strong>pohyblivosti kraniosakr\u00e1ln\u00edho syst\u00e9mu<\/strong>, kter\u00fd se rozprost\u00edr\u00e1 od lebky (cranium), p\u0159es p\u00e1te\u0159n\u00ed kan\u00e1l dol\u016f, ke kosti k\u0159\u00ed\u017eov\u00e9 (sacrum). Zahrnuje i intrakrani\u00e1ln\u00ed a spin\u00e1ln\u00ed membr\u00e1nov\u00fd syst\u00e9m spolu s mozkom\u00ed\u0161n\u00ed tekutinou. Lehk\u00fd, dotekov\u00fd p\u0159\u00edstup napom\u00e1h\u00e1 autoregula\u010dn\u00edm schopnostem organismu vylep\u0161it vnit\u0159n\u00ed t\u011blesn\u00e9 prost\u0159ed\u00ed. T\u00edm je o\u0161et\u0159en\u00ed velmi bezpe\u010dn\u00e9.<br \/>Podporuje v\u00e1\u0161 p\u0159irozen\u00fd mechanismus k vylep\u0161en\u00ed fungov\u00e1n\u00ed mozku a m\u00edchy, k rozpt\u00fdlen\u00ed negativn\u00edch d\u016fsledk\u016f stresu a ke <strong>zlep\u0161en\u00ed celkov\u00e9ho zdrav\u00ed<\/strong>. Podporuje moudrost t\u011bla a jeho schopnost <strong>znovunalezen\u00ed rovnov\u00e1hy<\/strong>. Pom\u00e1h\u00e1 uvol\u0148ovat nap\u011bt\u00ed a sta\u017een\u00ed na r\u016fzn\u00fdch m\u00edstech a \u00farovn\u00edch.<\/p>\n<p><strong>Biodynamick\u00fd p\u0159\u00edstup<\/strong> je roz\u0161\u00ed\u0159enou metodou osteopatie. V\u00edce ne\u017e na strukturu se soust\u0159ed\u00ed na vytvo\u0159en\u00ed prostoru, kde se mohou l\u00e9pe projevit <strong>samouzdravuj\u00edc\u00ed procesy<\/strong>. Cel\u00fd syst\u00e9m \u010dlov\u011bka se dost\u00e1v\u00e1 do <strong>hlubok\u00e9ho klidu<\/strong>, v n\u011bm\u017e se mohou rozpou\u0161t\u011bt star\u00e1 zran\u011bn\u00ed, p\u0159esv\u011bd\u010den\u00ed \u010di z\u00e1t\u011b\u017ee na t\u011blesn\u00e9 i du\u0161evn\u00ed \u00farovni.Tento p\u0159\u00edstup pracuje v\u00edce s principem \u017eivota, je hluboce respektuj\u00edc\u00ed k inteligenci t\u011bla a jeho samouzdravuj\u00edc\u00edm proces\u016fm.<\/p>\n<p>Ob\u011b metody se velmi vhodn\u011b dopl\u0148uj\u00ed, t\u011blo samo si \u010dasto vy\u017e\u00e1d\u00e1 p\u0159\u00edstup, kter\u00fd je pro n\u011bj v danou chv\u00edli nejvhodn\u011bj\u0161\u00ed.<\/p>\n<p>Prvn\u00ed zm\u00ednky o kraniosakr\u00e1ln\u00edm o\u0161et\u0159en\u00ed je mo\u017eno nal\u00e9zt ji\u017e ve staroindick\u00fdch Upani\u0161\u00e1d\u00e1ch (starov\u011bk\u00e9 v\u00e9dsk\u00e9 sanskrtsk\u00e9 texty), kde je zmi\u0148ov\u00e1na pr\u00e1ce s mozkom\u00ed\u0161n\u00ed tekutinou.<br \/>Do sou\u010dasn\u00e9ho pov\u011bdom\u00ed uvedl tuto metodu Dr. John E. Upledger, l\u00e9ka\u0159 zab\u00fdvaj\u00edc\u00ed se osteopatickou medic\u00ednou (osteologie = v\u011bda o kostech).<\/p>\n<p>Kraniosakr\u00e1ln\u00ed osteo-biodynamika um\u00ed pracovat s fyzick\u00fdmi i psychick\u00fdmi t\u00e9maty. Pom\u016f\u017ee v\u00e1m dostat se do klidu, kdy t\u011blo regeneruje a spou\u0161t\u00ed samouzdravuj\u00edc\u00ed procesy. Vy tak m\u016f\u017eete na\u010derpat novou <strong>energii a psychickou rovnov\u00e1hu<\/strong>.<\/p>\n<p>&nbsp;<\/p>\n<h4><strong>Kde kraniosakr\u00e1ln\u00ed o\u0161et\u0159en\u00ed pom\u00e1h\u00e1<\/strong><\/h4>\n<ul>\n<li>r\u016fzn\u00e9 bolesti pohybov\u00e9ho apar\u00e1tu<\/li>\n<li>fyzick\u00e1 traumata, operace, \u00farazy<\/li>\n<li>psychick\u00e1 traumata, rozpu\u0161t\u011bn\u00ed emocion\u00e1ln\u00edch \u0161ok\u016f a\u00a0siln\u00e9ho stresu<\/li>\n<li>podp\u016frn\u00e1 l\u00e9\u010dba bolest\u00ed hlavy a migr\u00e9n<\/li>\n<li>pot\u00ed\u017ee v oblasti u\u0161n\u00ed, o\u010dn\u00ed, nosn\u00ed<\/li>\n<li>zm\u00edrn\u011bn\u00ed chronick\u00fdch bolest\u00ed<\/li>\n<li>nespavost, vyho\u0159en\u00ed<\/li>\n<li>probl\u00e9my s p\u0159\u00edjmem potravy<\/li>\n<li>harmonizace nervov\u00e9hu syst\u00e9mu<\/li>\n<li>zm\u00edrn\u011bn\u00ed stresu a nap\u011bt\u00ed<\/li>\n<li>a mnoh\u00e9 dal\u0161\u00ed&#8230;<\/li>\n<\/ul>\n<p><strong>\u00a0<\/strong><\/p>\n<h4><strong>Jak prob\u00edh\u00e1 o\u0161et\u0159en\u00ed<\/strong><\/h4>\n<p>Na za\u010d\u00e1tku dostanete prostor sezn\u00e1mit m\u011b s t\u00e9matem, se kter\u00fdm ke mn\u011b p\u0159ich\u00e1z\u00edte, a\u0165 u\u017e jsou to fyzick\u00e9 \u010di psychick\u00e9 pot\u00ed\u017ee, pro\u017eit\u00e1 traumata, p\u0159\u00edpadn\u011b z\u00e1m\u011br, se kter\u00fdm chcete pracovat.<\/p>\n<p>P\u0159i samotn\u00e9m o\u0161et\u0159en\u00ed le\u017e\u00edte oble\u010den\u00ed na leh\u00e1tku (doporu\u010duji pohodln\u00fd od\u011bv, ve kter\u00e9m se c\u00edt\u00edte dob\u0159e) a j\u00e1 podle pot\u0159eby p\u0159ikl\u00e1d\u00e1m ruce na r\u016fzn\u00e1 m\u00edsta va\u0161eho t\u011bla (obecn\u011b oblast kotn\u00edk\u016f, p\u00e1nev, hrudn\u00edk \u010di hlava). Po celou dobu o\u0161et\u0159en\u00ed s v\u00e1mi z\u016fst\u00e1v\u00e1m ve velmi lehk\u00e9m a hranice respektuj\u00edc\u00edm kontaktu.<\/p>\n<p>Va\u0161\u00edm jedin\u00fdm (dobrovoln\u00fdm) \u00fakolem je uvoln\u011bn\u00ed a relaxace. S prohlubuj\u00edc\u00ed se relaxac\u00ed vyvst\u00e1vaj\u00ed do pop\u0159ed\u00ed l\u00e9\u010debn\u00e9 procesy, kter\u00e9 se aktivuj\u00ed na v\u0161ech \u00farovn\u00edch \u2013 fyzick\u00e9, psychick\u00e9 i emocion\u00e1ln\u00ed.<\/p>\n<p>B\u011bhem o\u0161et\u0159en\u00ed se mohou dostavit r\u016fzn\u00e9 pocity, nap\u0159. chlad, teplo, brn\u011bn\u00ed, tlak, proud\u011bn\u00ed v\u00a0t\u011ble, roz\u0161i\u0159ov\u00e1n\u00ed do\u00a0prostoru, p\u0159\u00edpadn\u011b se mohou projevit nejr\u016fzn\u011bj\u0161\u00ed emoce. Mohou se\u00a0dostavit i\u00a0velmi p\u0159\u00edjemn\u00e9 pocity vlastn\u00ed neohrani\u010denosti a\u00a0spojen\u00ed s\u00a0jednotou, jak\u00e9 m\u016f\u017eete zn\u00e1t nap\u0159\u00edklad z\u00a0meditace. B\u011bhem o\u0161et\u0159en\u00ed se dost\u00e1v\u00e1te do\u00a0stavu hlubok\u00e9 relaxace a\u00a0t\u011blo tak regeneruje sv\u00e9 energetick\u00e9 zdroje.<\/p>\n<p>Na z\u00e1v\u011br o\u0161et\u0159en\u00ed m\u00e1te je\u0161t\u011b prostor pro pozvoln\u00e9 dozn\u011bn\u00ed, p\u0159\u00edpadn\u011b zp\u011btnou vazbu \u010di sd\u00edlen\u00ed.<\/p>\n<p><strong>Po o\u0161et\u0159en\u00ed si pros\u00edm nastavte klidov\u011bj\u0161\u00ed a laskav\u00fd re\u017eim k sob\u011b sam\u00fdm.<\/strong><\/p>\n<p>&nbsp;<\/p>\n<h5><strong>Doba o\u0161et\u0159en\u00ed: cca 60 &#8211; 90 minut<br \/><\/strong><\/h5>\n<h5><strong>Cena o\u0161et\u0159en\u00ed: 1.200,-K\u010d<\/strong><\/h5>\n<p>[\/et_pb_text][\/et_pb_column][\/et_pb_row][\/et_pb_section][et_pb_section fb_built=&#8220;1&#8243; admin_label=&#8220;section&#8220; module_id=&#8220;kontakt&#8220; module_class=&#8220;gen-section-height&#8220; _builder_version=&#8220;4.15&#8243; background_image=&#8220;https:\/\/www.machalicka.eu\/wp-content\/uploads\/2017\/04\/kontakt-back-01.jpg&#8220; global_module=&#8220;227&#8243; global_colors_info=&#8220;{}&#8220;][et_pb_row _builder_version=&#8220;4.15&#8243; background_size=&#8220;initial&#8220; background_position=&#8220;top_left&#8220; background_repeat=&#8220;repeat&#8220; global_colors_info=&#8220;{}&#8220;][et_pb_column type=&#8220;4_4&#8243; _builder_version=&#8220;4.15&#8243; custom_padding=&#8220;|||&#8220; global_colors_info=&#8220;{}&#8220; custom_padding__hover=&#8220;|||&#8220;][et_pb_text _builder_version=&#8220;4.15&#8243; text_orientation=&#8220;center&#8220; background_layout=&#8220;dark&#8220; global_colors_info=&#8220;{}&#8220;]<\/p>\n<h1>KONTAKT<\/h1>\n<p>[\/et_pb_text][\/et_pb_column][\/et_pb_row][et_pb_row column_structure=&#8220;2_3,1_3&#8243; use_custom_gutter=&#8220;on&#8220; gutter_width=&#8220;2&#8243; make_equal=&#8220;on&#8220; _builder_version=&#8220;4.15&#8243; background_color=&#8220;rgba(0,0,0,0.53)&#8220; background_size=&#8220;initial&#8220; background_position=&#8220;top_left&#8220; background_repeat=&#8220;repeat&#8220; max_width=&#8220;80%&#8220; custom_padding=&#8220;20px|20px|14px|20px&#8220; use_custom_width=&#8220;on&#8220; width_unit=&#8220;off&#8220; global_colors_info=&#8220;{}&#8220;][et_pb_column type=&#8220;2_3&#8243; _builder_version=&#8220;4.15&#8243; custom_padding=&#8220;|||&#8220; global_colors_info=&#8220;{}&#8220; custom_padding__hover=&#8220;|||&#8220;][et_pb_text disabled_on=&#8220;off|off|off&#8220; admin_label=&#8220;Text&#8220; module_class=&#8220;profil&#8220; _builder_version=&#8220;4.15.1&#8243; background_layout=&#8220;dark&#8220; custom_margin=&#8220;10px|||&#8220; z_index_tablet=&#8220;500&#8243; use_border_color=&#8220;off&#8220; global_colors_info=&#8220;{}&#8220;]<\/p>\n<p>&nbsp;<\/p>\n<p>&nbsp;<\/p>\n<div class=\"et_pb_module et-waypoint et_pb_image et_pb_animation_off et_pb_image_1 et_always_center_on_mobile et-animated align_left\">\u00a0<\/div>\n<h3 style=\"text-align: left;\">OBJEDN\u00c1N\u00cd:<\/h3>\n<p>Provozn\u00ed doba je odvozena podle objedn\u00e1vek, oby\u010dejn\u011b <strong>PO, \u00daT, \u010cT a P\u00c1<\/strong>. V\u00edkendy a sv\u00e1tky si nech\u00e1v\u00e1m pro sebe.<\/p>\n<p><strong>Na mas\u00e1\u017ee se pros\u00edm objedn\u00e1vejte p\u0159edem, ide\u00e1ln\u011b telefonicky. <\/strong>Pokud nezved\u00e1m telefon, ozvu se v\u00e1m zp\u011bt, jakmile budu na p\u0159\u00edjmu.<br \/>Pro va\u0161e pohodl\u00ed m\u016f\u017eete vyu\u017e\u00edt i zelen\u00e9 tla\u010d\u00edtko rezerva\u010dn\u00edho syst\u00e9mu.<\/p>\n<p><strong>Na mas\u00e1\u017e p\u0159ij\u010fte pros\u00edm v\u010das.<\/strong> <strong>Pokud nem\u016f\u017eete p\u0159ij\u00edt, informujte mne o tom pros\u00edm co nejd\u0159\u00edve na \u010d\u00edsle +420 606 460 590.<br \/><\/strong>V opa\u010dn\u00e9m p\u0159\u00edpad\u011b \u00fa\u010dtuji storno 100%.<\/p>\n<p>&nbsp;<\/p>\n<p>[\/et_pb_text][\/et_pb_column][et_pb_column type=&#8220;1_3&#8243; _builder_version=&#8220;4.15&#8243; custom_padding=&#8220;|||&#8220; global_colors_info=&#8220;{}&#8220; custom_padding__hover=&#8220;|||&#8220;][et_pb_text _builder_version=&#8220;4.15&#8243; background_size=&#8220;initial&#8220; background_position=&#8220;top_left&#8220; background_repeat=&#8220;repeat&#8220; background_layout=&#8220;dark&#8220; custom_margin=&#8220;10px|||&#8220; z_index_tablet=&#8220;500&#8243; use_border_color=&#8220;off&#8220; global_colors_info=&#8220;{}&#8220;]<\/p>\n<p>\u00a0<\/p>\n<p>\u00a0<\/p>\n<h3>KONTAKT:<\/h3>\n<p>Jitka Machalick\u00e1<br \/>\u0160ultysova 153, Kutn\u00e1 Hora<br \/>Telefon: +420\u00a0606 460 590<br \/>e-mail: jitka@machalicka.eu<br \/>I\u010cO: 629 52 463, M\u011b\u00da Kutn\u00e1 Hora<\/p>\n<p>\u00a0<\/p>\n<p>[\/et_pb_text][et_pb_code module_id=&#8220;rezervovat-cas&#8220; _builder_version=&#8220;4.15&#8243; global_colors_info=&#8220;{}&#8220;]<!-- inserted reservanto code --><!-- [et_pb_line_break_holder] --><\/p>\n<div class=\"reservanto-widget\" data-text=\"Rezervovat\" data-id=\"16241\" data-color-text=\"#ffffff\" data-color-text-shadow=\"#078185\" data-color-bg=\"#0ac1cb\" data-color-bg-hover=\"#13cbd1\" data-color-boxshadow=\"#078185\" ><\/div>\n<p><!-- [et_pb_line_break_holder] --><script id=\"reservanto-widget-script\" type=\"text\/javascript\" src=\"https:\/\/booking.reservanto.cz\/Script\/reservanto-script.js?id=16241&#038;noAction=true\"><\/script><!-- [et_pb_line_break_holder] --><!-- end of inserted reservanto code -->[\/et_pb_code][et_pb_map address=&#8220;\u0160ultysova 153\/1, Vnit\u0159n\u00ed M\u011bsto, 284 01 Kutn\u00e1 Hora, \u010cesko&#8220; address_lat=&#8220;49.94928220000003&#8243; address_lng=&#8220;15.26673640000003&#8243; use_grayscale_filter=&#8220;on&#8220; grayscale_filter_amount=&#8220;26&#8243; _builder_version=&#8220;4.15&#8243; child_filter_saturate=&#8220;74%&#8220; global_colors_info=&#8220;{}&#8220;][et_pb_map_pin title=&#8220;Ajurv\u00e9dsk\u00e9 mas\u00e1\u017ee, Jitka Machalick\u00e1&#8220; pin_address=&#8220;\u0160ultysova 153\/1, Vnit\u0159n\u00ed M\u011bsto, 284 01 Kutn\u00e1 Hora, \u010cesko&#8220; pin_address_lat=&#8220;49.949323621794434&#8243; pin_address_lng=&#8220;15.266771268717207&#8243; _builder_version=&#8220;3.0.47&#8243; global_colors_info=&#8220;{}&#8220;][\/et_pb_map_pin][\/et_pb_map][et_pb_code disabled_on=&#8220;on|off|off&#8220; module_id=&#8220;rezervovat-cas&#8220; _builder_version=&#8220;4.15&#8243; positioning=&#8220;fixed&#8220; position_origin_f=&#8220;top_right&#8220; vertical_offset=&#8220;80px&#8220; horizontal_offset=&#8220;22px&#8220; animation_style=&#8220;slide&#8220; animation_direction=&#8220;right&#8220; animation_duration=&#8220;500ms&#8220; global_colors_info=&#8220;{}&#8220;]<!-- inserted reservanto code --><!-- [et_pb_line_break_holder] --><\/p>\n<div class=\"reservanto-widget\" data-text=\"Rezervovat\" data-id=\"16241\" data-color-text=\"#ffffff\" data-color-text-shadow=\"#078185\" data-color-bg=\"#0ac1cb\" data-color-bg-hover=\"#13cbd1\" data-color-boxshadow=\"#078185\" ><\/div>\n<p><!-- [et_pb_line_break_holder] --><script id=\"reservanto-widget-script\" type=\"text\/javascript\" src=\"https:\/\/booking.reservanto.cz\/Script\/reservanto-script.js?id=16241&#038;noAction=true\"><\/script><!-- [et_pb_line_break_holder] --><!-- end of inserted reservanto code -->[\/et_pb_code][\/et_pb_column][\/et_pb_row][\/et_pb_section]<\/p>\n","protected":false},"excerpt":{"rendered":"<p>KRANIOSAKR\u00c1LN\u00cd OSTEOPATIEA BIODYNAMIKAKraniosakr\u00e1ln\u00ed osteo-biodynamika je velmi jemn\u00e1 neinvazivn\u00ed technika, kter\u00e1 slou\u017e\u00ed k nach\u00e1zen\u00ed probl\u00e9m\u016f a jejich \u0159e\u0161en\u00ed, tj. nezab\u00fdv\u00e1 se pouze vn\u011bj\u0161\u00edmi p\u0159\u00edznaky obt\u00ed\u017e\u00ed, ale pracuje s jejich p\u0159\u00ed\u010dinou. Principem osteopatick\u00e9 metody je vy\u0161et\u0159en\u00ed mobility nebo-li pohyblivosti kraniosakr\u00e1ln\u00edho syst\u00e9mu, kter\u00fd se rozprost\u00edr\u00e1 od lebky (cranium), p\u0159es p\u00e1te\u0159n\u00ed kan\u00e1l dol\u016f, ke kosti k\u0159\u00ed\u017eov\u00e9 (sacrum). Zahrnuje i [&hellip;]<\/p>\n","protected":false},"author":2,"featured_media":0,"parent":0,"menu_order":0,"comment_status":"closed","ping_status":"closed","template":"","meta":{"_et_pb_use_builder":"on","_et_pb_old_content":"","_et_gb_content_width":"","_mi_skip_tracking":false},"_links":{"self":[{"href":"https:\/\/www.machalicka.eu\/index.php?rest_route=\/wp\/v2\/pages\/610"}],"collection":[{"href":"https:\/\/www.machalicka.eu\/index.php?rest_route=\/wp\/v2\/pages"}],"about":[{"href":"https:\/\/www.machalicka.eu\/index.php?rest_route=\/wp\/v2\/types\/page"}],"author":[{"embeddable":true,"href":"https:\/\/www.machalicka.eu\/index.php?rest_route=\/wp\/v2\/users\/2"}],"replies":[{"embeddable":true,"href":"https:\/\/www.machalicka.eu\/index.php?rest_route=%2Fwp%2Fv2%2Fcomments&post=610"}],"version-history":[{"count":29,"href":"https:\/\/www.machalicka.eu\/index.php?rest_route=\/wp\/v2\/pages\/610\/revisions"}],"predecessor-version":[{"id":1612,"href":"https:\/\/www.machalicka.eu\/index.php?rest_route=\/wp\/v2\/pages\/610\/revisions\/1612"}],"wp:attachment":[{"href":"https:\/\/www.machalicka.eu\/index.php?rest_route=%2Fwp%2Fv2%2Fmedia&parent=610"}],"curies":[{"name":"wp","href":"https:\/\/api.w.org\/{rel}","templated":true}]}}